{"id":74,"date":"2018-06-29T14:47:28","date_gmt":"2018-06-29T12:47:28","guid":{"rendered":"https:\/\/insiderfcb.de\/fcb\/?page_id=74"},"modified":"2018-06-30T15:45:23","modified_gmt":"2018-06-30T13:45:23","slug":"links","status":"publish","type":"page","link":"https:\/\/insiderfcb.de\/fcb\/links\/","title":{"rendered":"Links"},"content":{"rendered":"<h5><strong>Hier findet Ihr alle wichtigen Links in der \u00dcbersicht<\/strong><\/h5>\n<p>Um die PDF-Dateien anschauen zu k\u00f6nnen, wird der Adobe Reader in der aktuellen Version ben\u00f6tigt.<br \/>\nDas Copyright auf die erschienen Zeitungsartikel obliegt der jeweiligen Presse.<\/p>\n<!-- Link Library Categories Output -->\n\n<div class=\"catalphafilter\"><div class=\"catalphafiltertitle\">Category Filter<\/div><div class=\"catalphafilterselectedletter\"><a href=\"https:\/\/insiderfcb.de\/fcb\/links\/?catletter=A\">A<\/a><\/div><div class=\"catalphafilteremptyletter\">B<\/div><div class=\"catalphafilteremptyletter\">C<\/div><div class=\"catalphafilteremptyletter\">D<\/div><div class=\"catalphafilteremptyletter\">E<\/div><div class=\"catalphafilterlinkedletter\"><a href=\"https:\/\/insiderfcb.de\/fcb\/links\/?catletter=F\">F<\/a><\/div><div class=\"catalphafilterlinkedletter\"><a href=\"https:\/\/insiderfcb.de\/fcb\/links\/?catletter=G\">G<\/a><\/div><div class=\"catalphafilteremptyletter\">H<\/div><div class=\"catalphafilterlinkedletter\"><a href=\"https:\/\/insiderfcb.de\/fcb\/links\/?catletter=I\">I<\/a><\/div><div class=\"catalphafilteremptyletter\">J<\/div><div class=\"catalphafilteremptyletter\">K<\/div><div class=\"catalphafilterlinkedletter\"><a href=\"https:\/\/insiderfcb.de\/fcb\/links\/?catletter=L\">L<\/a><\/div><div class=\"catalphafilteremptyletter\">M<\/div><div class=\"catalphafilteremptyletter\">N<\/div><div class=\"catalphafilteremptyletter\">O<\/div><div class=\"catalphafilterlinkedletter\"><a href=\"https:\/\/insiderfcb.de\/fcb\/links\/?catletter=P\">P<\/a><\/div><div class=\"catalphafilteremptyletter\">Q<\/div><div class=\"catalphafilteremptyletter\">R<\/div><div class=\"catalphafilterlinkedletter\"><a href=\"https:\/\/insiderfcb.de\/fcb\/links\/?catletter=S\">S<\/a><\/div><div class=\"catalphafilteremptyletter\">T<\/div><div class=\"catalphafilteremptyletter\">U<\/div><div class=\"catalphafilteremptyletter\">V<\/div><div class=\"catalphafilteremptyletter\">W<\/div><div class=\"catalphafilteremptyletter\">X<\/div><div class=\"catalphafilteremptyletter\">Y<\/div><div class=\"catalphafilteremptyletter\">Z<\/div><div class=\"allcatalphafilterlinkedletter catalphafilterlinkedletter\"><a href=\"https:\/\/insiderfcb.de\/fcb\/links\/?catletter\">ALL<\/a><\/div><\/div><div id=\"linktable\" class=\"linktable\"><ul class='menu'>\n\t<li><a href=\"#allianz-arena\"><span class=\"linkcatname\">Allianz Arena<\/span><\/a><\/li>\n<\/ul>\n<\/div>\n\n<div style='clear:both' \/>\n\n<!-- End of Link Library Categories Output -->\n<h5><strong>Und hier die Auflistung der einzelnen \ud83d\ude42<\/strong><\/h5>\n<!-- Beginning of Link Library Output --><div id='linklist1' class='linklist'><!-- Div Linklist -->\n<div class=\"LinkLibraryCat LinkLibraryCat21 level0\"><!-- Div Category --><div id=\"allianz-arena\"><!-- Div Category Name --><div class=\"linklistcatname\"><!-- Div Cat Name --><a href=\"http:\/\/2\" ><span class=\"linklistcatclass\">Allianz Arena<\/span><\/a><\/div><!-- DivOrHeader --><\/div><!-- Div Category Name -->\n\t<ul>\n<li><a href=\"https:\/\/allianz-arena.com\/de\/spieltag\/arena-card\/bargeldloses-zahlen\" id=\"link-110\" class=\"track_this_link \" rel=\"noopener noreferrer\" target=\"_blank\">Arena Card<\/a><\/li>\n<li><a href=\"https:\/\/fcbayern.com\/parken\/home\" id=\"link-630\" class=\"track_this_link \" rel=\"noopener noreferrer\" target=\"_blank\">Digitaler Parkschein<\/a><\/li>\n<li><a href=\"https:\/\/allianz-arena.com\/de\/die-arena\/anreise-und-parken\" id=\"link-112\" class=\"track_this_link \" rel=\"noopener noreferrer\" target=\"_blank\">Parken in der Allianz Arena<\/a><\/li>\n<li><a href=\"http:\/\/www.barrierefrei-ins-stadion.de\" id=\"link-111\" class=\"track_this_link \" rel=\"noopener noreferrer\" target=\"_blank\">Barrierefrei ins Stadion<\/a><\/li>\n\t<\/ul>\n<\/div><!-- Div End Category -->\n<script type='text\/javascript'>\njQuery(document).ready(function()\n{\njQuery('.arrow-up').hide();\njQuery('#linklist1 a.track_this_link').click(function() {\nlinkid = this.id;\nlinkid = linkid.substring(5);\npath = '';\njQuery.ajax( {    type: 'POST',    url: 'https:\/\/insiderfcb.de\/fcb\/wp-admin\/admin-ajax.php',     data: { action: 'link_library_tracker',             _ajax_nonce: '265a09d3bc',             id:linkid, xpath:path }     });\nreturn true;\n});\njQuery('#linklist1 .expandlinks').click(function() {\ntarget = '.' + jQuery(this).attr('id');\nsubcattarget = '.' + jQuery(this).attr('data-subcat');\nif ( jQuery( target ).is(':visible') ) {\njQuery(target).slideUp();\njQuery(subcattarget).slideToggle();\njQuery(this).children('img').attr('src', 'https:\/\/insiderfcb.de\/fcb\/wp-content\/plugins\/link-library\/icons\/expand-32.png');\n} else {\njQuery(target).slideDown();\njQuery(subcattarget).slideToggle();\njQuery(this).children('img').attr('src', 'https:\/\/insiderfcb.de\/fcb\/wp-content\/plugins\/link-library\/icons\/collapse-32.png');\n}\n});\njQuery('#linklist1 .linklistcatclass').click(function() {\njQuery(this).siblings('.expandlinks').click();\n});\njQuery('#linklist1 .linklistcatnamedesc').click(function() {\njQuery(this).siblings('.expandlinks').click();\n});\n});\n<\/script>\n<\/div><!-- Div Linklist -->\n<!-- End of Link Library Output -->\n\n\n","protected":false},"excerpt":{"rendered":"<p>Hier findet Ihr alle wichtigen Links in der \u00dcbersicht Um die PDF-Dateien anschauen zu k\u00f6nnen, wird der Adobe Reader in der aktuellen Version ben\u00f6tigt. Das Copyright auf die erschienen Zeitungsartikel obliegt der jeweiligen Presse. Und hier die Auflistung der einzelnen \ud83d\ude42<\/p>\n","protected":false},"author":5,"featured_media":0,"parent":0,"menu_order":0,"comment_status":"closed","ping_status":"closed","template":"","meta":{"footnotes":""},"class_list":["post-74","page","type-page","status-publish","hentry"],"blocksy_meta":[],"_links":{"self":[{"href":"https:\/\/insiderfcb.de\/fcb\/wp-json\/wp\/v2\/pages\/74","targetHints":{"allow":["GET"]}}],"collection":[{"href":"https:\/\/insiderfcb.de\/fcb\/wp-json\/wp\/v2\/pages"}],"about":[{"href":"https:\/\/insiderfcb.de\/fcb\/wp-json\/wp\/v2\/types\/page"}],"author":[{"embeddable":true,"href":"https:\/\/insiderfcb.de\/fcb\/wp-json\/wp\/v2\/users\/5"}],"replies":[{"embeddable":true,"href":"https:\/\/insiderfcb.de\/fcb\/wp-json\/wp\/v2\/comments?post=74"}],"version-history":[{"count":2,"href":"https:\/\/insiderfcb.de\/fcb\/wp-json\/wp\/v2\/pages\/74\/revisions"}],"predecessor-version":[{"id":250,"href":"https:\/\/insiderfcb.de\/fcb\/wp-json\/wp\/v2\/pages\/74\/revisions\/250"}],"wp:attachment":[{"href":"https:\/\/insiderfcb.de\/fcb\/wp-json\/wp\/v2\/media?parent=74"}],"curies":[{"name":"wp","href":"https:\/\/api.w.org\/{rel}","templated":true}]}}