{"id":35,"date":"2024-10-19T15:50:54","date_gmt":"2024-10-19T13:50:54","guid":{"rendered":"https:\/\/insiderfcb.de\/fcb\/?page_id=35"},"modified":"2026-03-16T13:36:34","modified_gmt":"2026-03-16T12:36:34","slug":"vorstandschaft","status":"publish","type":"page","link":"https:\/\/insiderfcb.de\/fcb\/vorstandschaft\/","title":{"rendered":"Vorstandschaft"},"content":{"rendered":"<p>&nbsp;<\/p>\n<h3><strong>Hier die aktuelle Vorstandschaft:<\/strong><\/h3>\n<div style=\"overflow-x: auto; width: 100%;\">\n<table style=\"width: 100%;\" width=\"100%\">\n<tbody>\n<tr style=\"height: 24px;\">\n<td style=\"height: 24px;\">1. Vorstand<\/td>\n<td style=\"height: 24px;\">Charly<\/td>\n<td style=\"height: 24px;\">Reisinger<\/td>\n<td style=\"height: 24px;\">vorstand(at)insiderfcb-plattling.de<\/td>\n<\/tr>\n<tr style=\"height: 24px;\">\n<td style=\"height: 24px;\">2. Vorstand<\/td>\n<td style=\"height: 24px;\">Markus<\/td>\n<td style=\"height: 24px;\">Willnecker<\/td>\n<td style=\"height: 24px;\">markus(at)insiderfcb-plattling.de<\/td>\n<\/tr>\n<tr style=\"height: 24px;\">\n<td style=\"height: 24px;\">3. Vorstand<\/td>\n<td style=\"height: 24px;\">Stefan<\/td>\n<td style=\"height: 24px;\">Gr\u00f6ll<\/td>\n<td style=\"height: 24px;\">stefan(at)insiderfcb-plattling.de<\/td>\n<\/tr>\n<tr style=\"height: 24px;\">\n<td style=\"height: 24px;\">Kassier<\/td>\n<td style=\"height: 24px;\">Sebastian<\/td>\n<td style=\"height: 24px;\">Bock<\/td>\n<td style=\"height: 24px;\">kassier(at)insiderfcb-plattling.de<\/td>\n<\/tr>\n<tr style=\"height: 24px;\">\n<td style=\"height: 24px;\">Schriftf\u00fchrerin<\/td>\n<td style=\"height: 24px;\">Mona<\/td>\n<td style=\"height: 24px;\">Kagermeier<\/td>\n<td style=\"height: 24px;\">schriftfuehrer(at)insiderfcb-plattling.de<\/td>\n<\/tr>\n<tr style=\"height: 24px;\">\n<td style=\"height: 24px;\">Kassenpr\u00fcferin<\/td>\n<td style=\"height: 24px;\">Renate<\/td>\n<td style=\"height: 24px;\">Henschker<\/td>\n<td style=\"height: 24px;\"><\/td>\n<\/tr>\n<tr style=\"height: 24px;\">\n<td style=\"height: 24px;\">Beisitzer &#8211; stv. Kassier<\/td>\n<td style=\"height: 24px;\">Daniel<\/td>\n<td style=\"height: 24px;\">Gruber<\/td>\n<td style=\"height: 24px;\"><\/td>\n<\/tr>\n<tr style=\"height: 24px;\">\n<td style=\"height: 24px;\">Beisitzer &#8211; stv. Schrift\u00fchrer<\/td>\n<td style=\"height: 24px;\">Daniel<\/td>\n<td style=\"height: 24px;\">Jakob<\/td>\n<td style=\"height: 24px;\"><\/td>\n<\/tr>\n<tr style=\"height: 24px;\">\n<td style=\"height: 24px;\">Beisitzer &#8211; stv. Kassenpr\u00fcfer<\/td>\n<td style=\"height: 24px;\"><\/td>\n<td style=\"height: 24px;\"><\/td>\n<td style=\"height: 24px;\">derzeit nicht besetzt<\/td>\n<\/tr>\n<tr style=\"height: 24px;\">\n<td style=\"height: 24px;\">Beisitzer<\/td>\n<td style=\"height: 24px;\">Musti<\/td>\n<td style=\"height: 24px;\">Fakhreddine<\/td>\n<td><\/td>\n<\/tr>\n<tr style=\"height: 24px;\">\n<td>Beisitzer<\/td>\n<td>Josef<\/td>\n<td>Kainer<\/td>\n<td><\/td>\n<\/tr>\n<tr style=\"height: 24px;\">\n<td>Ger\u00e4te\/Inventar<\/td>\n<td>Achim<\/td>\n<td>Kerschl<\/td>\n<td>achim(at)insiderfcb-plattling.de<\/td>\n<\/tr>\n<\/tbody>\n<\/table>\n<\/div>\n<p>&nbsp;<\/p>\n","protected":false},"excerpt":{"rendered":"<p>&nbsp; Hier die aktuelle Vorstandschaft: 1. Vorstand Charly Reisinger vorstand(at)insiderfcb-plattling.de 2. Vorstand Markus Willnecker markus(at)insiderfcb-plattling.de 3. Vorstand Stefan Gr\u00f6ll stefan(at)insiderfcb-plattling.de Kassier Sebastian Bock kassier(at)insiderfcb-plattling.de Schriftf\u00fchrerin Mona Kagermeier schriftfuehrer(at)insiderfcb-plattling.de Kassenpr\u00fcferin Renate Henschker Beisitzer &#8211; stv. Kassier Daniel Gruber Beisitzer &#8211; stv. Schrift\u00fchrer Daniel Jakob Beisitzer &#8211; stv. Kassenpr\u00fcfer derzeit nicht besetzt Beisitzer Musti Fakhreddine Beisitzer Josef [&hellip;]<\/p>\n","protected":false},"author":5,"featured_media":0,"parent":0,"menu_order":0,"comment_status":"closed","ping_status":"closed","template":"","meta":{"footnotes":""},"class_list":["post-35","page","type-page","status-publish","hentry"],"blocksy_meta":[],"_links":{"self":[{"href":"https:\/\/insiderfcb.de\/fcb\/wp-json\/wp\/v2\/pages\/35","targetHints":{"allow":["GET"]}}],"collection":[{"href":"https:\/\/insiderfcb.de\/fcb\/wp-json\/wp\/v2\/pages"}],"about":[{"href":"https:\/\/insiderfcb.de\/fcb\/wp-json\/wp\/v2\/types\/page"}],"author":[{"embeddable":true,"href":"https:\/\/insiderfcb.de\/fcb\/wp-json\/wp\/v2\/users\/5"}],"replies":[{"embeddable":true,"href":"https:\/\/insiderfcb.de\/fcb\/wp-json\/wp\/v2\/comments?post=35"}],"version-history":[{"count":23,"href":"https:\/\/insiderfcb.de\/fcb\/wp-json\/wp\/v2\/pages\/35\/revisions"}],"predecessor-version":[{"id":1373,"href":"https:\/\/insiderfcb.de\/fcb\/wp-json\/wp\/v2\/pages\/35\/revisions\/1373"}],"wp:attachment":[{"href":"https:\/\/insiderfcb.de\/fcb\/wp-json\/wp\/v2\/media?parent=35"}],"curies":[{"name":"wp","href":"https:\/\/api.w.org\/{rel}","templated":true}]}}