{"id":33,"date":"2026-01-05T14:10:09","date_gmt":"2026-01-05T13:10:09","guid":{"rendered":"https:\/\/insiderfcb.de\/fcb\/?page_id=33"},"modified":"2026-03-12T17:09:17","modified_gmt":"2026-03-12T16:09:17","slug":"ehrenmitglieder","status":"publish","type":"page","link":"https:\/\/insiderfcb.de\/fcb\/ehrenmitglieder\/","title":{"rendered":"Ehrenmitglieder"},"content":{"rendered":"<p><strong>Hier unsere Ehrenmitglieder:<\/strong><\/p>\n<div style=\"overflow-x: auto; width: 100%;\">\n<table style=\"width: 100%; border-collapse: collapse;\">\n<tbody>\n<tr>\n<td>Nr. 1<\/td>\n<td>Christian<\/td>\n<td>Bernreiter<\/td>\n<td>Landrat a.D. des Landkreises Deggendorf (2002 &#8211; 2022)<br \/>\nStaatsminister f\u00fcr Bau, Wohnen und Verkehr seit 2022<\/td>\n<\/tr>\n<tr>\n<td>Nr. 2<\/td>\n<td>Bernd<\/td>\n<td>Sibler<\/td>\n<td>Staatsminister a.D. f\u00fcr Unterricht und Kultus<\/p>\n<p>Staatsminister a.D. f\u00fcr Wissenschaft und Kunst, MdL<br \/>\nLandrat des Landkreises Deggendorf (seit 15.05.22)<\/td>\n<\/tr>\n<tr>\n<td>Nr. 3<\/td>\n<td>Georg<\/td>\n<td>Jakob<\/td>\n<td>Gr\u00fcndungsmitglied<\/td>\n<\/tr>\n<tr>\n<td>Nr. 4<\/td>\n<td>Philipp<\/td>\n<td>Lahm<\/td>\n<td>FCB-Kapit\u00e4n, Fanclub-Besuch am 29.11.15<\/td>\n<\/tr>\n<tr>\n<td>Nr. 5<\/td>\n<td>Serge<\/td>\n<td>Gnabry<\/td>\n<td>FCB-Spieler, Fanclub-Besuch am 04.01.26<\/td>\n<\/tr>\n<\/tbody>\n<\/table>\n<p>&nbsp;<\/p>\n<\/div>\n","protected":false},"excerpt":{"rendered":"<p>Hier unsere Ehrenmitglieder: Nr. 1 Christian Bernreiter Landrat a.D. des Landkreises Deggendorf (2002 &#8211; 2022) Staatsminister f\u00fcr Bau, Wohnen und Verkehr seit 2022 Nr. 2 Bernd Sibler Staatsminister a.D. f\u00fcr Unterricht und Kultus Staatsminister a.D. f\u00fcr Wissenschaft und Kunst, MdL Landrat des Landkreises Deggendorf (seit 15.05.22) Nr. 3 Georg Jakob Gr\u00fcndungsmitglied Nr. 4 Philipp Lahm [&hellip;]<\/p>\n","protected":false},"author":5,"featured_media":0,"parent":0,"menu_order":0,"comment_status":"closed","ping_status":"closed","template":"","meta":{"footnotes":""},"class_list":["post-33","page","type-page","status-publish","hentry"],"blocksy_meta":[],"_links":{"self":[{"href":"https:\/\/insiderfcb.de\/fcb\/wp-json\/wp\/v2\/pages\/33","targetHints":{"allow":["GET"]}}],"collection":[{"href":"https:\/\/insiderfcb.de\/fcb\/wp-json\/wp\/v2\/pages"}],"about":[{"href":"https:\/\/insiderfcb.de\/fcb\/wp-json\/wp\/v2\/types\/page"}],"author":[{"embeddable":true,"href":"https:\/\/insiderfcb.de\/fcb\/wp-json\/wp\/v2\/users\/5"}],"replies":[{"embeddable":true,"href":"https:\/\/insiderfcb.de\/fcb\/wp-json\/wp\/v2\/comments?post=33"}],"version-history":[{"count":23,"href":"https:\/\/insiderfcb.de\/fcb\/wp-json\/wp\/v2\/pages\/33\/revisions"}],"predecessor-version":[{"id":1344,"href":"https:\/\/insiderfcb.de\/fcb\/wp-json\/wp\/v2\/pages\/33\/revisions\/1344"}],"wp:attachment":[{"href":"https:\/\/insiderfcb.de\/fcb\/wp-json\/wp\/v2\/media?parent=33"}],"curies":[{"name":"wp","href":"https:\/\/api.w.org\/{rel}","templated":true}]}}